47?
False
Is 1020217 a multiple of 11?
True
Is 668 a factor of 1572472?
True
Is 38 a factor of 4148639?
False
Is 69 a factor of 158670?
False
Is 887 a factor of 3310284?
True
Is 161914 a multiple of 16?
False
Does 177 divide 424558?
False
Does 122 divide 26086288?
False
Is 37 a factor of 258963?
True
Is 149 a factor of 209494?
True
Is 12322 a multiple of 2?
True
Does 48 divide 33168?
True
Is 54756 a multiple of 26?
True
Is 202 a factor of 897688?
True
Does 13 divide 42366?
False
Is 13 a factor of 133629?
False
Does 53 divide 664220?
False
Is 118 a factor of 1333636?
True
Is 31980 a multiple of 41?
True
Is 16 a factor of 173738?
False
Is 5806126 a multiple of 914?
False
Is 69108 a multiple of 13?
True
Is 132 a factor of 2927975?
False
Is 106 a factor of 525742?
False
Does 504 divide 5816423?
False
Does 196 divide 403400?
False
Is 18 a factor of 88758?
True
Does 56 divide 309512?
True
Is 235826 a multiple of 116?
False
Is 18 a factor of 607644?
True
Is 103 a factor of 1830928?
True
Is 26 a factor of 385814?
True
Is 49025 a multiple of 7?
False
Does 82 divide 9860828?
True
Is 12270258 a multiple of 1001?
True
Is 64 a factor of 2247856?
False
Does 60 divide 2127240?
True
Is 96 a factor of 1094352?
False
Is 1522132 a multiple of 23?
False
Is 406510 a multiple of 26?
True
Is 40751 a multiple of 18?
False
Is 612033 a multiple of 17?
False
Is 629272 a multiple of 661?
True
Is 11 a factor of 4338873?
True
Is 53 a factor of 169520?
False
Is 594 a factor of 1266611?
False
Does 10 divide 2348591?
False
Does 6 divide 5560050?
True
Does 353 divide 608219?
True
Is 17 a factor of 3928768?
True
Is 3545341 a multiple of 5?
False
Is 238 a factor of 55537?
False
Is 288 a factor of 1004958?
False
Is 786 a factor of 9237072?
True
Is 163 a factor of 104972?
True
Is 8 a factor of 14728720?
True
Is 10 a factor of 54200?
True
Does 75 divide 21913?
False
Is 32 a factor of 27552?
True
Does 98 divide 1433250?
True
Is 995619 a multiple of 6?
False
Does 217 divide 95980?
False
Is 7773215 a multiple of 1642?
False
Does 196 divide 895720?
True
Does 255 divide 6657540?
True
Does 24 divide 59160?
True
Is 11 a factor of 120690?
False
Is 1341 a factor of 21418452?
True
Is 56 a factor of 175974?
False
Is 189 a factor of 5911266?
False
Is 9966 a multiple of 18?
False
Is 6 a factor of 19446?
True
Is 17910 a multiple of 6?
True
Is 12757 a multiple of 2?
False
Does 12 divide 488080?
False
Does 1171 divide 39528276?
True
Does 554 divide 235007?
False
Is 100 a factor of 800?
True
Is 145248 a multiple of 51?
True
Is 116998 a multiple of 274?
True
Is 7 a factor of 69300?
True
Is 1687412 a multiple of 17?
False
Is 213045 a multiple of 2?
False
Is 2356 a factor of 4722142?
False
Is 20 a factor of 4846160?
True
Is 13806842 a multiple of 7?
True
Is 79442 a multiple of 75?
False
Does 102 divide 168413?
False
Is 61218 a multiple of 57?
True
Is 4031115 a multiple of 40?
False
Does 219 divide 253052?
False
Is 124 a factor of 491326?
False
Is 119200 a multiple of 43?
False
Is 37180 a multiple of 41?
False
Is 30426 a multiple of 33?
True
Does 295 divide 9011070?
True
Is 286 a factor of 1113970?
True
Does 13 divide 5171626?
False
Does 8 divide 345256?
True
Does 59 divide 842402?
True
Is 77 a factor of 86548?
True
Is 1143020 a multiple of 134?
True
Is 62 a factor of 489326?
False
Is 235 a factor of 9820415?
True
Is 244852 a multiple of 41?
True
Does 23 divide 708292?
False
Is 76 a factor of 4820299?
False
Is 327 a factor of 23094?
False
Is 29589000 a multiple of 1400?
True
Does 112 divide 478912?
True
Is 109 a factor of 3600994?
False
Is 229086 a multiple of 11?
True
Is 40 a factor of 142784?
False
Does 20 divide 741367?
False
Is 40901 a multiple of 3?
False
Is 11 a factor of 37882?
False
Is 34955 a multiple of 114?
False
Is 116203 a multiple of 2?
False
Does 32 divide 33228813?
False
Is 5483 a multiple of 47?
False
Is 6 a factor of 2262?
True
Does 342 divide 609444?
True
Does 261 divide 413993?
False
Does 121 divide 446974?
True
Does 582 divide 407982?
True
Does 85 divide 216907?
False
Does 16 divide 82968?
False
Does 441 divide 1870197?
False
Does 43 divide 248414?
False
Is 294 a factor of 156129?
False
Is 564328 a multiple of 15?
False
Does 474 divide 97653?
False
Is 11 a factor of 182523?
True
Is 85188 a multiple of 93?
True
Does 332 divide 626998?
False
Is 3847122 a multiple of 746?
True
Does 878 divide 7015220?
True
Does 85 divide 17854267?
False
Does 52 divide 44733?
False
Is 58 a factor of 428794?
True
Is 503654 a multiple of 6?
False
Is 6780752 a multiple of 44?
True
Is 13545 a multiple of 45?
True
Is 19 a factor of 116421?
False
Is 337 a factor of 405260?
False
Is 121 a factor of 191180?
True
Is 570437 a multiple of 496?
False
Is 55 a factor of 14773385?
True
Does 7 divide 191758?
True
Is 940368 a multiple of 33?
True
Does 5 divide 50899?
False
Is 232720 a multiple of 8?
True
Does 314 divide 10021624?
True
Is 188550 a multiple of 273?
False
Does 9 divide 2345742?
True
Does 12 divide 377339?
False
Is 15 a factor of 8155920?
True
Does 31 divide 2417446?
False
Does 19 divide 14774020?
True
Is 19189335 a multiple of 8?
False
Is 6 a factor of 66606?
True
Is 1297533 a multiple of 36?
False
Is 13 a factor of 217270?
False
Is 29 a factor of 108319?
False
Is 9 a factor of 15684?
False
Is 17951459 a multiple of 994?
False
Does 375 divide 2057625?
True
Does 10 divide 8576?
False
Is 14286874 a multiple of 7?
True
Does 288 divide 256896?
True
Is 4414258 a multiple of 2756?
False
Does 15 divide 4676523?
False
Is 15144 a multiple of 24?
True
Is 20 a factor of 148614?
False
Does 16 divide 1798144?
True
Is 36 a factor of 3204?
True
Is 40326 a multiple of 33?
True
Does 366 divide 726574?
False
Is 40347 a multiple of 9?
True
Is 112342 a multiple of 58?
False
Is 22 a factor of 402934?
False
Does 2054 divide 22732714?
False
Is 12261236 a multiple of 41?
False
Is 3622405 a multiple of 1749?
False
Is 475147 a multiple of 73?
False
Does 5 divide 1742277?
False
Is 1759299 a multiple of 69?
False
Does 8 divide 434864?
True
Is 175 a factor of 620900?
True
Does 1237 divide 2255051?
True
Does 116 divide 24471678?
False
Is 72 a factor of 177350?
False
Is 17 a factor of 18739?
False
Is 1224301 a multiple of 10?
False
Is 31 a factor of 140300?
False
Is 15 a factor of 5397015?
True
Does 427 divide 727542?
False
Is 236 a factor of 2520008?
True
Does 194 divide 111356?
True
Is 11 a factor of 478878?
False
Is 763800 a multiple of 12?
True
Is 12 a factor of 128004?
True
Does 39 divide 7588581?
True
Is 161 a factor of 691284?
False
Is 68 a factor of 799344?
False
Does 822 divide 1468034?
False
Is 59785 a multiple of 2?
False
Is 12 a factor of 10460?
False
Is 329 a factor of 31940?
False
Does 2 divide 4212205?
False
Does 5 divide 1509865?
True
Is 25187 a multiple of 25?
False
Is 50207 a multiple of 345?
False
Is 2186743 a multiple of 1200?
False
Is 142 a factor of 752309?
False
Does 10 divide 3961347?
False
Does 34 divide 7235200?
True
Does 6 divide 12110?
False
Is 39 a factor of 3783?
True
Does 38 divide 6820586?
False
Does 12 divide 1320?
True
Does 207 divide 157172?
False
Is 109 a factor of 693567?
True
Is 161416 a multiple of 279?
False
Is 19723 a multiple of 6?
False
Does 24 divide 26736?
True
Is 40 a factor of 462058?
False
Is 573 a factor of 34101643?
False
Does 103 divide 807431?
False
Is 24186 a multiple of 6?
True
Is 22 a factor of 2094422?
True
Is 197 a factor of 705232?
False
Does 121 divide 625292?
False
Is 1306201 a multiple of 194?
False
Does 18 divide 96330?
False
Is 23 a factor of 423867?
True
Is 10 a factor of 365530?
True
Does 23 divide 252005?
False
Is 603313 a multiple of 269?
False
Is 11 a factor of 113773?
True
Is 20 a factor of 120703?
False
Does 7 divide 1155?
True
Is 1067 a factor of 20929205?
True
Is 12313 a multiple of 8?
False
Is 23 a factor of 14557953?
False
Is 881053 a multiple of 131?
False
Is 15499 a multiple of 7?
False
Is 225 a factor of 495774?
False
Does 71 divide 298805?
False
Is 365 a factor of 371935?
True
Is 4973152 a multiple of 232?
True
Is 20474 a multiple of 6?
False
Is 713011 a multiple of 103?
False
Is 245135 a multiple of 41?
False
Does 1321 divide 16242215?
False
Is 1771700 a multiple of 384?
False
Is 15 a factor of 282896?
False
Is 159858 a multiple of 214?
True
Is 223 a fa